696. Suppose 726*o = w*o - 91. What is the remainder when o is divided by 16?
11
Let x = 48 - -28. Let m = x - 12. Suppose 5*i = 156 + m. Calculate the remainder when 131 is divided by i.
43
Suppose 0 = 4*k + 4*l - 4, -2*k + 0*l - 4*l = 6. Suppose a = 3*t - 67, -5*a + 22 + 63 = k*t. Calculate the remainder when 62 + 4 + -2 - 2 is divided by t.
20
Let d = 75 + -73. Suppose 8*u - 48 = 4*u + s, 36 = 4*u + d*s. Suppose -2*j + 11 = -u. What is the remainder when 63 is divided by j?
8
Let i = 30 - 14. Let t = 9545 + -9436. What is the remainder when t is divided by i?
13
Let u = -16034 + 18099. What is the remainder when u is divided by 116?
93
Let d(w) be the second derivative of w**5/20 + 3*w**4/4 + w**3/3 + w**2/2 - 1582*w. Suppose -2*v + 0*v = 12. What is the remainder when d(v) is divided by 20?
17
Let z be 1296/96*(-4)/3. Let n = -36 + 71. Calculate the remainder when n is divided by z*2/20*-10.
17
Suppose 18*k - 15*k = 2*r + 662, 5*r + 885 = 4*k. Suppose 25*u - 35*u = -k. What is the remainder when u is divided by 14?
8
Suppose 0 = -6*l + 2*l + 92. Let d(x) = 275*x**3 - 1925*x**2 + 10*x - 5. What is the remainder when d(7) is divided by l?
19
Let l = 5841 - 5829. Calculate the remainder when 7593 is divided by l.
9
What is the remainder when 56 is divided by ((-480)/(-80) - 364/(-10)) + 4/(-10)?
14
Let o = 305 + -663. Let x = o - -401. What is the remainder when 126 is divided by x?
40
Calculate the remainder when 887 is divided by 2/(-23)*-23*(-91)/(-2).
68
Let y = -117 - -121. Suppose 2*c - y*d + 82 = 0, -4*c + 4*d - 87 = 61. Let j = -22 - c. Calculate the remainder when j is divided by 3.
2
Let n = 98 + -78. Suppose -n*d + 16*d = -384. Suppose o - 5*j - 10 - 38 = 0, 0 = 4*o + 4*j - d. What is the remainder when 78 is divided by o?
22
Let i(w) = -2*w**3 - 6*w**2 + 3*w + 21. Let r = -22 + 27. Calculate the remainder when i(-4) is divided by r.
1
Let a = -5000 + 6459. Calculate the remainder when a is divided by 37.
16
Let a = -580 - -1000. Suppose 2*t + a = 5*b, 9*b + 5*t + 233 = 12*b. What is the remainder when b is divided by 47?
39
Let o be 5/(-10)*(-8*2 + -2). What is the remainder when (-10 + o)/(1/(-165)) is divided by 21?
18
Suppose -203*r + 217*r = -742. Let a be 30/(-1)*39/(-9). Let o = a + r. Calculate the remainder when o is divided by 27.
23
Suppose 0 = j + 54 - 22. Let q = 53 - 0. Let m = j + q. What is the remainder when 82 is divided by m?
19
Suppose 0 = -14*p + 231 + 1057. Let w = 93 - p. Suppose -2*f = s + 3, -3*f - 5*s - 17 = -s. Calculate the remainder when f is divided by w.
0
Suppose 8 = -5*k + 23. Suppose 74*q - 51*q - 46 = 0. Suppose -136 = -k*p + 5*o, 0 = 6*p - q*p + 5*o - 123. Calculate the remainder when 146 is divided by p.
35
Let u be 9/(90/4)*-5. Let n be 0/u*(-2 - -4)/(-2). Suppose n = y - 3*k - 110 + 6, -k - 223 = -2*y. What is the remainder when y is divided by 58?
55
Let r(a) = -4*a**3 - 10*a**2 - 5*a + 32. What is the remainder when r(-7) is divided by 96?
85
Let h(o) = 6*o**2 + 4*o + 31. What is the remainder when 364 is divided by h(-3)?
72
Let b(h) = 677*h**2 - 20301*h - 245. Suppose 0 = -3*k - k + 596. Calculate the remainder when k is divided by b(30).
24
Let w(f) = 519*f - 554. Calculate the remainder when w(2) is divided by 7.
1
Let q = -31 - -55. Let p(c) = -c**3 + 28*c**2 - 31*c + 178. Calculate the remainder when p(27) is divided by q.
22
What is the remainder when 26605 is divided by ((-9)/(-6))/((126/(-196))/(-9))?
19
Suppose -439*r + 27896 + 29174 = 0. What is the remainder when r is divided by 1477/77 + (-4)/22?
16
Let v(j) = -j**2 + 3*j + 10. Let m be v(5). Suppose -3*b + 96 = -m*b. Calculate the remainder when 17 is divided by 6/(-16) + 332/b.
7
Suppose c = 3*p + 16, -60 = -5*c - 2*p - 3*p. Suppose 10*w - 150 = c*w. Calculate the remainder when 159 is divided by 0 - 12*w/15.
39
Let h = -265 - -269. Calculate the remainder when 160 is divided by (6 + -5)/(h - (-428)/(-108)).
25
Calculate the remainder when (6/16 - 281657/(-1704))/((-1)/(-3)) is divided by 5.
2
What is the remainder when (-30)/(-12) + -3 - (-534)/4 is divided by (-2)/6*(-1 - 68)?
18
Let f = 16397 + -15875. Calculate the remainder when f is divided by 160.
42
Suppose -x + 64 = 43. Suppose -1 = 2*h - x. Calculate the remainder when h is divided by 2.
0
Suppose -m + 3*g - 8*g + 9 = 0, -2*g + 45 = 5*m. Calculate the remainder when (-14646)/(-24) + m + (-1)/4 is divided by 20.
19
Let x(y) = 17*y - 181. Let n be x(11). Let a(t) = -12 + 5*t**2 - 28 - 2*t**2 + 5*t. What is the remainder when a(n) is divided by 20?
18
Suppose r + 4310 = 2*g, -2*g - 39*r = -28*r - 4358. What is the remainder when g is divided by 47?
42
Let m be ((0 - -1) + -1)/((-6)/(-2)). Calculate the remainder when m + 0 + -1 + (25 - -1) is divided by 15.
10
Let o(y) = 271*y - 228. What is the remainder when o(6) is divided by 20?
18
Suppose -10*a + 232 = -6*a - 2*y, 0 = -a + 5*y + 112. Let w(x) = x**3 - 2*x**2 + 2*x - 2. What is the remainder when a is divided by w(3)?
0
Suppose -10*j + 110 = 20. Let f(d) = 0 + 1 + d - 5. What is the remainder when 27 is divided by f(j)?
2
Let k be 6/4*8/(-6). Suppose 19*r - 102 = 36*r - 51*r. What is the remainder when 31 is divided by r + -1 + 1 + k + 3?
3
Suppose 12 - 4 = 4*l. Let s be 4 + -3 + (l - -40). Let m = -5 + s. Calculate the remainder when m is divided by 10.
8
Let a(q) = -9*q + 253. Suppose -b - 4*x + 28 = -0*x, 119 = 5*b - x. Suppose 317 = 3*u + 101. Calculate the remainder when u is divided by a(b).
35
Let d = -31308 + 31317. What is the remainder when 736 is divided by d?
7
Suppose -46 = -2*w + 2*f, 18*w = 19*w - 3*f - 25. Calculate the remainder when 9235 is divided by w.
17
Let h(w) = w**3 - 12*w**2 + 24*w - 15. Let q be h(9). Let m be q/(-14) - (39 - 1). Let j = m - -103. Calculate the remainder when j is divided by 23.
22
Let i(n) = -32*n - 255. Let c be i(-8). What is the remainder when 225 is divided by 5/(-10)*c*(-153 + -1)?
71
Let i(f) = -39*f + 844. What is the remainder when i(21) is divided by 8?
1
Suppose 2555 - 625 = 45*d - 590. Calculate the remainder when d is divided by 36.
20
Let m = -5394 - -6320. What is the remainder when m is divided by 9?
8
Suppose 10 = a + 2*v, a = 2*a + 5*v - 16. Calculate the remainder when 2927 is divided by a.
5
Suppose 2*b = 4*f - f + 35, 3*f + 32 = -b. Let g = -9 - f. Suppose g*s - 232 = -6*s. Calculate the remainder when s is divided by 16.
13
Let f = 6660 + -6605. What is the remainder when 253 is divided by f?
33
Suppose 62*j - 102*j = -1320. Calculate the remainder when 245 is divided by j.
14
Suppose 2*r = 3*c - 239, 30*c - 4*r = 22*c + 628. Calculate the remainder when 159 is divided by c.
9
Let v(k) = -k**2 - 3*k + 35. Let g = 146 + -45. What is the remainder when g is divided by v(0)?
31
What is the remainder when 4662 is divided by (2 + -3 + 0)*-9 - (-56)/(-14)?
2
Let g = -15396 - -15536. Calculate the remainder when g is divided by 11.
8
Calculate the remainder when 5/5 + (1 - -52) is divided by (-12)/(-9)*(-4284)/(-578) + 4/34.
4
Let g = -121 - -144. Suppose -5*v = -q + g, 10*q - 5*q - 230 = 2*v. What is the remainder when q is divided by 18?
12
Let l(p) = p**3 - 5*p**2 - p - 3. Let f = 14 - 8. Suppose 11*x - 8*x = 21. What is the remainder when l(f) is divided by x?
6
Let n(w) = -5*w - 2. Calculate the remainder when 8954/198 - (52/234)/(1/1) is divided by n(-2).
5
Let y(n) = -306*n + 3266. Calculate the remainder when 599 is divided by y(10).
187
Suppose k + 31*a - 35*a - 21 = 0, -2*k = a - 33. Suppose 86 = -4*z + 6*z. Calculate the remainder when z is divided by k.
9
Suppose -1089 = -7*g - 1047. Suppose -g*w = -158 + 98. Let d(p) = -p**3 + 18. What is the remainder when d(0) is divided by w?
8
Suppose -2*r + 17 = 7. Suppose -r*o + 165 = -5*n, 0 = n - 2. Calculate the remainder when (-1175)/(-17) + 11/((-2805)/30) is divided by o.
34
Let x(q) = 142*q**2 + 1. Suppose -98*b = -92*b + 6. What is the remainder when x(b) is divided by 16?
15
Suppose 27943*x + 578 = 27960*x. Calculate the remainder when 377 is divided by x.
3
Suppose 45*g = -7*w + 44*g + 1092, -4*g - 780 = -5*w. What is the remainder when 9201 is divided by w?
153
Suppose 0 = -p + 11 + 15. What is the remainder when 91 is divided by p?
13
Let v(l) = 3*l**3 - 103*l**2 - 64*l - 88. What is the r